{"id":54,"date":"2017-10-05T16:00:18","date_gmt":"2017-10-05T16:00:18","guid":{"rendered":"http:\/\/www.susanne-holzinger.de\/?page_id=54"},"modified":"2017-10-10T14:28:11","modified_gmt":"2017-10-10T14:28:11","slug":"wandobjekte","status":"publish","type":"page","link":"http:\/\/www.susanne-holzinger.de\/?page_id=54","title":{"rendered":"Staubgef\u00e4\u00dfe"},"content":{"rendered":"\n\t\t<style type=\"text\/css\">\n\t\t\t#gallery-1 {\n\t\t\t\tmargin: auto;\n\t\t\t}\n\t\t\t#gallery-1 .gallery-item {\n\t\t\t\tfloat: left;\n\t\t\t\tmargin-top: 10px;\n\t\t\t\ttext-align: center;\n\t\t\t\twidth: 33%;\n\t\t\t}\n\t\t\t#gallery-1 img {\n\t\t\t\tborder: 2px solid #cfcfcf;\n\t\t\t}\n\t\t\t#gallery-1 .gallery-caption {\n\t\t\t\tmargin-left: 0;\n\t\t\t}\n\t\t\t\/* see gallery_shortcode() in wp-includes\/media.php *\/\n\t\t<\/style>\n\t\t<div id='gallery-1' class='gallery galleryid-54 gallery-columns-3 gallery-size-thumbnail'><dl class='gallery-item'>\n\t\t\t<dt class='gallery-icon landscape'>\n\t\t\t\t<a href='http:\/\/www.susanne-holzinger.de\/?attachment_id=285'><img width=\"150\" height=\"150\" src=\"http:\/\/www.susanne-holzinger.de\/wp-content\/uploads\/2017\/10\/Staubgef\u00e4\u00df-Asche-Aqua-150x150.jpg\" class=\"attachment-thumbnail size-thumbnail\" alt=\"\" loading=\"lazy\" srcset=\"http:\/\/www.susanne-holzinger.de\/wp-content\/uploads\/2017\/10\/Staubgef\u00e4\u00df-Asche-Aqua-150x150.jpg 150w, http:\/\/www.susanne-holzinger.de\/wp-content\/uploads\/2017\/10\/Staubgef\u00e4\u00df-Asche-Aqua-50x50.jpg 50w\" sizes=\"(max-width: 150px) 100vw, 150px\" \/><\/a>\n\t\t\t<\/dt><\/dl><dl class='gallery-item'>\n\t\t\t<dt class='gallery-icon landscape'>\n\t\t\t\t<a href='http:\/\/www.susanne-holzinger.de\/?attachment_id=286'><img width=\"150\" height=\"150\" src=\"http:\/\/www.susanne-holzinger.de\/wp-content\/uploads\/2017\/10\/Staubgef\u00e4\u00df-Asche-Azur-150x150.jpg\" class=\"attachment-thumbnail size-thumbnail\" alt=\"\" loading=\"lazy\" srcset=\"http:\/\/www.susanne-holzinger.de\/wp-content\/uploads\/2017\/10\/Staubgef\u00e4\u00df-Asche-Azur-150x150.jpg 150w, http:\/\/www.susanne-holzinger.de\/wp-content\/uploads\/2017\/10\/Staubgef\u00e4\u00df-Asche-Azur-50x50.jpg 50w\" sizes=\"(max-width: 150px) 100vw, 150px\" \/><\/a>\n\t\t\t<\/dt><\/dl><dl class='gallery-item'>\n\t\t\t<dt class='gallery-icon landscape'>\n\t\t\t\t<a href='http:\/\/www.susanne-holzinger.de\/?attachment_id=287'><img width=\"150\" height=\"150\" src=\"http:\/\/www.susanne-holzinger.de\/wp-content\/uploads\/2017\/10\/Staubgef\u00e4\u00df-Asche-Flieder-150x150.jpg\" class=\"attachment-thumbnail size-thumbnail\" alt=\"\" loading=\"lazy\" srcset=\"http:\/\/www.susanne-holzinger.de\/wp-content\/uploads\/2017\/10\/Staubgef\u00e4\u00df-Asche-Flieder-150x150.jpg 150w, http:\/\/www.susanne-holzinger.de\/wp-content\/uploads\/2017\/10\/Staubgef\u00e4\u00df-Asche-Flieder-50x50.jpg 50w\" sizes=\"(max-width: 150px) 100vw, 150px\" \/><\/a>\n\t\t\t<\/dt><\/dl><br style=\"clear: both\" \/><dl class='gallery-item'>\n\t\t\t<dt class='gallery-icon landscape'>\n\t\t\t\t<a href='http:\/\/www.susanne-holzinger.de\/?attachment_id=288'><img width=\"150\" height=\"150\" src=\"http:\/\/www.susanne-holzinger.de\/wp-content\/uploads\/2017\/10\/Staubgef\u00e4\u00df-Asche-Hell-T\u00fctkis-150x150.jpg\" class=\"attachment-thumbnail size-thumbnail\" alt=\"\" loading=\"lazy\" srcset=\"http:\/\/www.susanne-holzinger.de\/wp-content\/uploads\/2017\/10\/Staubgef\u00e4\u00df-Asche-Hell-T\u00fctkis-150x150.jpg 150w, http:\/\/www.susanne-holzinger.de\/wp-content\/uploads\/2017\/10\/Staubgef\u00e4\u00df-Asche-Hell-T\u00fctkis-50x50.jpg 50w\" sizes=\"(max-width: 150px) 100vw, 150px\" \/><\/a>\n\t\t\t<\/dt><\/dl><dl class='gallery-item'>\n\t\t\t<dt class='gallery-icon landscape'>\n\t\t\t\t<a href='http:\/\/www.susanne-holzinger.de\/?attachment_id=289'><img width=\"150\" height=\"150\" src=\"http:\/\/www.susanne-holzinger.de\/wp-content\/uploads\/2017\/10\/Staubgef\u00e4\u00df-Asche-Indigo-150x150.jpg\" class=\"attachment-thumbnail size-thumbnail\" alt=\"\" loading=\"lazy\" srcset=\"http:\/\/www.susanne-holzinger.de\/wp-content\/uploads\/2017\/10\/Staubgef\u00e4\u00df-Asche-Indigo-150x150.jpg 150w, http:\/\/www.susanne-holzinger.de\/wp-content\/uploads\/2017\/10\/Staubgef\u00e4\u00df-Asche-Indigo-50x50.jpg 50w\" sizes=\"(max-width: 150px) 100vw, 150px\" \/><\/a>\n\t\t\t<\/dt><\/dl><dl class='gallery-item'>\n\t\t\t<dt class='gallery-icon landscape'>\n\t\t\t\t<a href='http:\/\/www.susanne-holzinger.de\/?attachment_id=290'><img width=\"150\" height=\"150\" src=\"http:\/\/www.susanne-holzinger.de\/wp-content\/uploads\/2017\/10\/Staubgef\u00e4\u00df-Asche-Kirsch-150x150.jpg\" class=\"attachment-thumbnail size-thumbnail\" alt=\"\" loading=\"lazy\" srcset=\"http:\/\/www.susanne-holzinger.de\/wp-content\/uploads\/2017\/10\/Staubgef\u00e4\u00df-Asche-Kirsch-150x150.jpg 150w, http:\/\/www.susanne-holzinger.de\/wp-content\/uploads\/2017\/10\/Staubgef\u00e4\u00df-Asche-Kirsch-50x50.jpg 50w\" sizes=\"(max-width: 150px) 100vw, 150px\" \/><\/a>\n\t\t\t<\/dt><\/dl><br style=\"clear: both\" \/><dl class='gallery-item'>\n\t\t\t<dt class='gallery-icon landscape'>\n\t\t\t\t<a href='http:\/\/www.susanne-holzinger.de\/?attachment_id=291'><img width=\"150\" height=\"150\" src=\"http:\/\/www.susanne-holzinger.de\/wp-content\/uploads\/2017\/10\/Staubgef\u00e4\u00df-Asche-Purpur-150x150.jpg\" class=\"attachment-thumbnail size-thumbnail\" alt=\"\" loading=\"lazy\" srcset=\"http:\/\/www.susanne-holzinger.de\/wp-content\/uploads\/2017\/10\/Staubgef\u00e4\u00df-Asche-Purpur-150x150.jpg 150w, http:\/\/www.susanne-holzinger.de\/wp-content\/uploads\/2017\/10\/Staubgef\u00e4\u00df-Asche-Purpur-50x50.jpg 50w\" sizes=\"(max-width: 150px) 100vw, 150px\" \/><\/a>\n\t\t\t<\/dt><\/dl><dl class='gallery-item'>\n\t\t\t<dt class='gallery-icon landscape'>\n\t\t\t\t<a href='http:\/\/www.susanne-holzinger.de\/?attachment_id=292'><img width=\"150\" height=\"150\" src=\"http:\/\/www.susanne-holzinger.de\/wp-content\/uploads\/2017\/10\/Staubgef\u00e4\u00df-Asche-T\u00fcrkis-150x150.jpg\" class=\"attachment-thumbnail size-thumbnail\" alt=\"\" loading=\"lazy\" srcset=\"http:\/\/www.susanne-holzinger.de\/wp-content\/uploads\/2017\/10\/Staubgef\u00e4\u00df-Asche-T\u00fcrkis-150x150.jpg 150w, http:\/\/www.susanne-holzinger.de\/wp-content\/uploads\/2017\/10\/Staubgef\u00e4\u00df-Asche-T\u00fcrkis-50x50.jpg 50w\" sizes=\"(max-width: 150px) 100vw, 150px\" \/><\/a>\n\t\t\t<\/dt><\/dl><dl class='gallery-item'>\n\t\t\t<dt class='gallery-icon landscape'>\n\t\t\t\t<a href='http:\/\/www.susanne-holzinger.de\/?attachment_id=293'><img width=\"150\" height=\"150\" src=\"http:\/\/www.susanne-holzinger.de\/wp-content\/uploads\/2017\/10\/Staubgef\u00e4\u00df-Asche-violett-150x150.jpg\" class=\"attachment-thumbnail size-thumbnail\" alt=\"\" loading=\"lazy\" srcset=\"http:\/\/www.susanne-holzinger.de\/wp-content\/uploads\/2017\/10\/Staubgef\u00e4\u00df-Asche-violett-150x150.jpg 150w, http:\/\/www.susanne-holzinger.de\/wp-content\/uploads\/2017\/10\/Staubgef\u00e4\u00df-Asche-violett-50x50.jpg 50w\" sizes=\"(max-width: 150px) 100vw, 150px\" \/><\/a>\n\t\t\t<\/dt><\/dl><br style=\"clear: both\" \/><dl class='gallery-item'>\n\t\t\t<dt class='gallery-icon landscape'>\n\t\t\t\t<a href='http:\/\/www.susanne-holzinger.de\/?attachment_id=294'><img width=\"150\" height=\"150\" src=\"http:\/\/www.susanne-holzinger.de\/wp-content\/uploads\/2017\/10\/Staubgef\u00e4\u00df-Hafenstaub-Butterblume-150x150.jpg\" class=\"attachment-thumbnail size-thumbnail\" alt=\"\" loading=\"lazy\" srcset=\"http:\/\/www.susanne-holzinger.de\/wp-content\/uploads\/2017\/10\/Staubgef\u00e4\u00df-Hafenstaub-Butterblume-150x150.jpg 150w, http:\/\/www.susanne-holzinger.de\/wp-content\/uploads\/2017\/10\/Staubgef\u00e4\u00df-Hafenstaub-Butterblume-50x50.jpg 50w\" sizes=\"(max-width: 150px) 100vw, 150px\" \/><\/a>\n\t\t\t<\/dt><\/dl><dl class='gallery-item'>\n\t\t\t<dt class='gallery-icon landscape'>\n\t\t\t\t<a href='http:\/\/www.susanne-holzinger.de\/?attachment_id=295'><img width=\"150\" height=\"150\" src=\"http:\/\/www.susanne-holzinger.de\/wp-content\/uploads\/2017\/10\/Staubgef\u00e4\u00df-Kohlestaub-Limone-150x150.jpg\" class=\"attachment-thumbnail size-thumbnail\" alt=\"\" loading=\"lazy\" srcset=\"http:\/\/www.susanne-holzinger.de\/wp-content\/uploads\/2017\/10\/Staubgef\u00e4\u00df-Kohlestaub-Limone-150x150.jpg 150w, http:\/\/www.susanne-holzinger.de\/wp-content\/uploads\/2017\/10\/Staubgef\u00e4\u00df-Kohlestaub-Limone-50x50.jpg 50w\" sizes=\"(max-width: 150px) 100vw, 150px\" \/><\/a>\n\t\t\t<\/dt><\/dl><dl class='gallery-item'>\n\t\t\t<dt class='gallery-icon landscape'>\n\t\t\t\t<a href='http:\/\/www.susanne-holzinger.de\/?attachment_id=296'><img width=\"150\" height=\"150\" src=\"http:\/\/www.susanne-holzinger.de\/wp-content\/uploads\/2017\/10\/Staubgef\u00e4\u00dfe-Kohlestaub-Hafenstaub-Silber-150x150.jpg\" class=\"attachment-thumbnail size-thumbnail\" alt=\"\" loading=\"lazy\" srcset=\"http:\/\/www.susanne-holzinger.de\/wp-content\/uploads\/2017\/10\/Staubgef\u00e4\u00dfe-Kohlestaub-Hafenstaub-Silber-150x150.jpg 150w, http:\/\/www.susanne-holzinger.de\/wp-content\/uploads\/2017\/10\/Staubgef\u00e4\u00dfe-Kohlestaub-Hafenstaub-Silber-50x50.jpg 50w\" sizes=\"(max-width: 150px) 100vw, 150px\" \/><\/a>\n\t\t\t<\/dt><\/dl><br style=\"clear: both\" \/>\n\t\t<\/div>\n\n","protected":false},"excerpt":{"rendered":"","protected":false},"author":1,"featured_media":0,"parent":0,"menu_order":0,"comment_status":"closed","ping_status":"closed","template":"","meta":[],"_links":{"self":[{"href":"http:\/\/www.susanne-holzinger.de\/index.php?rest_route=\/wp\/v2\/pages\/54"}],"collection":[{"href":"http:\/\/www.susanne-holzinger.de\/index.php?rest_route=\/wp\/v2\/pages"}],"about":[{"href":"http:\/\/www.susanne-holzinger.de\/index.php?rest_route=\/wp\/v2\/types\/page"}],"author":[{"embeddable":true,"href":"http:\/\/www.susanne-holzinger.de\/index.php?rest_route=\/wp\/v2\/users\/1"}],"replies":[{"embeddable":true,"href":"http:\/\/www.susanne-holzinger.de\/index.php?rest_route=%2Fwp%2Fv2%2Fcomments&post=54"}],"version-history":[{"count":6,"href":"http:\/\/www.susanne-holzinger.de\/index.php?rest_route=\/wp\/v2\/pages\/54\/revisions"}],"predecessor-version":[{"id":297,"href":"http:\/\/www.susanne-holzinger.de\/index.php?rest_route=\/wp\/v2\/pages\/54\/revisions\/297"}],"wp:attachment":[{"href":"http:\/\/www.susanne-holzinger.de\/index.php?rest_route=%2Fwp%2Fv2%2Fmedia&parent=54"}],"curies":[{"name":"wp","href":"https:\/\/api.w.org\/{rel}","templated":true}]}}